Let z be l(6). Suppose z + 3 = -b. Give g(b).
-6
Suppose -a = 2*h - 5, 5*h - 5*a + 0*a + 25 = 0. Suppose h = 2*p + 17*p + 152. Let o(x) = x + 13. Determine o(p).
5
Let t be (-2)/(-5) - 92/5. Let m(c) = -c + 2211. Let x(j) = -2*j + 6652. Let n(r) = 3*m(r) - x(r). What is n(t)?
-1
Let w(b) = -9*b + 33. Let v be (-24 + 2)/(2/(-1)). Let t(s) = -1 + 0*s - 4 - 5*s + 22. Let o(a) = v*t(a) - 6*w(a). Calculate o(-10).
-1
Let x(y) = y**3 + 4*y**2 + 2*y + 6. Let l = 59 + -63. Let n = 4 + l. Let u be -4*5/4 - (-1 - n). Calculate x(u).
-2
Let u(s) be the first derivative of -s**2/2 + 16*s - 85347. Let x = 1 - -4. Calculate u(x).
11
Let w = -510 - -245. Let v = -261 - w. Let g(p) = -5*p. What is g(v)?
-20
Let s(n) be the first derivative of -n**4/4 + 2*n**3 + n**2/2 + 17*n - 771. What is s(7)?
-25
Let p(i) = 9*i**3 + 0*i + 3*i**3 + 57*i**3 + i + 0*i**3 - 75*i**3. Suppose -3*g - g = -4. Calculate p(g).
-5
Let k(z) = 5*z**3 + 5*z**2 - 12*z + 17. Let t be ((-280)/(-21))/4*(-6)/(-4). Let n(a) = 4*a**3 + 4*a**2 - 10*a + 15. Let s(p) = t*k(p) - 6*n(p). Determine s(0).
-5
Let r(z) = 25*z**2 - 11*z**3 + 24*z**2 + 12*z**3 - 1 - 2*z - 48*z**2. Suppose 6*x - 15 = -3. Calculate r(x).
7
Suppose 33 = -4*v + 77, 4*m + 2*v = 38. Let x(w) = 5*w**3 - 2*w**2 - 7*w - 5. Let j(i) = -14*i**3 + 5*i**2 + 20*i + 14. Let f(q) = 6*j(q) + 17*x(q). Give f(m).
3
Suppose -85 = s - 87. Let a(u) = -57 - 2*u - u - s*u + 55. Calculate a(1).
-7
Let y(c) = 3*c**2 - 3*c - 2. Let s(z) = 5*z**2 - 3*z - 2. Let g be s(-1). Suppose 107 + 37 = g*b. Let p = b + -21. Give y(p).
16
Let f(x) be the first derivative of -x**3/3 + 6*x**2 - 8*x + 2007. Calculate f(8).
24
Suppose -z - 404 = -394. Let u(w) = -w**2 - 4*w + 27. Determine u(z).
-33
Let h = 3 + -5. Let o(g) be the first derivative of g**3 + 3*g**2/2 - 29*g + 221. Let k(p) be the first derivative of o(p). Determine k(h).
-9
Let o(r) be the second derivative of r**4/12 - r**3/2 + 3*r**2 + 227*r. Suppose -i = 5, -3*b - 3*i + 2*i + 7 = 0. What is o(b)?
10
Let w(q) be the third derivative of -q**5/60 - 13*q**4/24 - 11*q**3/3 - 656*q**2. Determine w(-11).
0
Let x(h) = 16*h**2 + h**3 - 18 + 113213*h - 2 - 113200*h. What is x(-15)?
10
Let l be -2 - 4 - (-2 - -177). Let r = l - -179. Let t(s) = 4 + 3*s - 4*s - 5. What is t(r)?
1
Let x = 25 - 16. Let m(t) = 912 - 10*t**2 - t**3 + 900 - 1807 - x*t. What is m(-9)?
5
Let t(m) = -1 + 1 + 4*m - 3*m. Let r(y) = 4*y - 70. Let k be -6*(-55)/15 - 4. Let a be r(k). Determine t(a).
2
Let w(m) = 64*m - 1019. Let h be w(16). Let i(g) = 7*g - 26. Give i(h).
9
Let v = -27 + -13. Let z = v + 44. Let w(p) = -5 + z - p - 3 + 0*p. Give w(-3).
-1
Let v(x) = -2*x + 7. Let f be v(-7). Let h(w) = 2*w**3 - 32*w**2 + 34*w - 58. Let d be h(15). Let t(g) = d + 32 + g - f. Determine t(-12).
1
Let b(o) = 4*o**2 + 1. Let y(k) = k**2. Let h(a) = -b(a) + 5*y(a). Let t = -22 + -16. Let j = 40 + t. Give h(j).
3
Let j(v) = 3 - v + 1 - 216*v**3 + 217*v**3 + 7*v - 6*v**2. Let q(l) = 243*l + 1463. Let f be q(-6). Give j(f).
9
Let w(k) = -k**2 - 9*k + 2. Suppose 0 = -34*d - d + 3185. Let x = d + -101. Give w(x).
-8
Suppose -12 = -3*x, u - 2*x + 4*x - 10 = 0. Suppose -2*h + 6 = -4. Suppose u*b = h*b + 9. Let g(y) = y + 5. Determine g(b).
2
Let i be (-7)/9 + (-4)/18. Let f(a) be the third derivative of -a**6/40 + a**5/60 + a**4/8 + a**3/3 - 4*a**2 + a - 403. Calculate f(i).
3
Let b(p) = 9*p**3 - 45*p + 2. Let q(h) = 118*h**3 - h**2 - 608*h + 27. Let d(u) = -27*b(u) + 2*q(u). Let a be (-6)/4*2/3. What is d(a)?
6
Let c(u) = 25*u**2 - 8*u - 5. Let d(i) = -48*i**2 + 15*i + 9. Let g(w) = 9*c(w) + 5*d(w). Give g(2).
-54
Let s(q) = 3*q**2 - 135*q + 602. Let o be s(5). Let l(f) = -12*f + 9. Calculate l(o).
-15
Let i(t) = -t**3 - 19*t**2 + 17. Let o(m) = m - 12. Let n be o(-7). Let k be i(n). Suppose -k*y + 16*y = 1. Let l(x) = -4*x**3 - 2*x**2 + 1. Give l(y).
3
Let c(d) = d**3 + 8*d**2 - 8*d + 27. Suppose 4*k + 2*a + 20 = 0, 1291*k - 1296*k - 2*a = 29. Determine c(k).
18
Let n(a) = -a**2 + 2*a - 1. Let z be (4/(-6) - (-102)/18)*1. Let c(i) = -i**3 - 17*i**2 + 11*i + 11. Let u(k) = z*n(k) - c(k). Calculate u(-12).
-4
Let m(s) = s + 18. Let b be m(-16). Let l(j) = 0*j**2 - 7*j**b + 13*j**2 + j - 36 - 7*j**2. Give l(0).
-36
Let s(k) = -4*k**2 - 6*k + 88. Let f(a) = -3*a**2 - 4*a + 61. Let p(b) = -10*f(b) + 7*s(b). What is p(5)?
46
Suppose 3*s - 2*s = 4*n, 2*n - 3*s + 10 = 0. Let z be (-26)/(-78)*(-10 + n). Let l(g) = g**3 + g**2 - 2*g + 2. Determine l(z).
-10
Let x(c) = -c**2 - 11*c - 14. Suppose -2*b + 6*b + 31 + 9 = 0. Determine x(b).
-4
Let d = 283 + -266. Let b(h) = -6 + d*h + 7 - 16*h + 9. Give b(-3).
7
Let q(r) = r**2 + 6*r + 5. Let a(w) = -2*w**3 - 5*w**2 + 3*w - 1. Let b be a(-3). Determine q(b).
0
Let k be (364/52)/(21/15). Let p(c) = -c**2 - 11*c + 37. What is p(k)?
-43
Let c(w) be the first derivative of w**4/4 - 2*w**3/3 + w**2/2 + 6*w - 3797. What is c(0)?
6
Let f(a) = -3*a**2 + 2*a**2 + 662*a + 32 + 53 + 681*a - 1326*a. Give f(21).
1
Let l be (1 + -4)/(18/24). Let n be 4/(-32)*-4*10. Let b(w) = -4*w - w**3 + 906 - n*w**2 + 2*w - 909. Determine b(l).
-11
Let a(k) = -16*k**2 - 35*k - 21. Let g(t) = -3*t**2 - 7*t - 4. Let c be (-3)/(-3)*(3 + -5). Let m = 56 - 45. Let i(o) = c*a(o) + m*g(o). Determine i(-5).
8
Let q(w) be the third derivative of w**4/24 - w**3 + 24*w**2. Let s(x) = x - 7. Let c(f) = 6*q(f) - 5*s(f). Let m be (-3)/2*-1*-2. Calculate c(m).
-4
Let n be (-1)/8 - (108/(-96) - 5). Let f(t) = t**2 - 3*t + 4. What is f(n)?
22
Let o be 30/(-12) - ((-12)/8 + 3). Let d(p) = -p**2 + 13*p - 7. Let u(x) = x**2 - 14*x + 7. Let z(b) = o*u(b) - 5*d(b). Calculate z(7).
-7
Let f be 1/(-2)*(-1 + -11). Let w(p) be the second derivative of p**4/12 - 5*p**3/6 + p**2 - 78*p + 21. Give w(f).
8
Let y = -1 - -1. Let b = 254 - 251. Suppose y = a + a + b*a. Let i(w) = -w**2 + w + 7. What is i(a)?
7
Let p(c) be the third derivative of -2 - 1/8*c**4 + 0*c + c**2 + c**3. Calculate p(5).
-9
Let n(c) be the first derivative of 2*c**3/3 - 19*c**2 - c - 291. Give n(19).
-1
Let q(r) be the second derivative of -r**4/12 + 5*r**3/2 - 35*r**2/2 - 338*r + 1. Give q(11).
9
Let s(y) = y**2 + 5*y - 3. Suppose -3*x - 22*j + 6 = -26*j, 3*j - 8 = -4*x. Suppose x*b - 2*o + 6 = -6, b = 2*o - 6. Determine s(b).
3
Let c(d) = d**3 - 5*d**2 - 7. Let q = -187 - -189. Suppose 1 = -s, -s = -2*w - q*s + 9. Calculate c(w).
-7
Suppose -3*l - 517 = m - 540, 5*l + 2*m = 38. Let k(h) = h**2 - 8*h - 6. Determine k(l).
-6
Let l(h) be the second derivative of 5*h**3/6 + h**2/2 - 2*h + 586. Suppose -3*g - g - 12 = 0. What is l(g)?
-14
Let d(m) be the first derivative of m**4/24 + m**3/2 - 8*m**2 + 18. Let o(h) be the second derivative of d(h). Determine o(-8).
-5
Let c(v) = -v**3 + 5*v**2 + 58*v - 334. Let p be c(6). Let o(g) = g**2 + 16*g - 136. Calculate o(p).
-4
Let k be ((-138)/22)/(-3) - (-36)/(-396). Let o(d) = -1 + 4*d**k + 0 + 0 + 0. Determine o(-1).
3
Let v = 11 + -25. Let l(m) = -5*m**2 + 19*m + 9. Let y(x) = -3*x**2 + 18*x + 11. Let j(z) = -2*l(z) + 3*y(z). Determine j(v).
-13
Let u(r) = 108*r**2 + 2 - 176*r**2 - 3*r + 74*r**2. Determine u(1).
5
Suppose 0 = -11*g + 7*g + 364. Let v(n) = -4*n**2 + 89*n - 1 + 2 - g*n. Give v(-2).
-11
Suppose -9*v + 0 + 18 = 0. Suppose 0 = v*q + 8 - 0. Let c be -3 + 3*(-5 - q). Let f(d) = 4*d + 7. Give f(c).
-17
Let u(b) = 10 - 41 + 2768*b - 2767*b. Calculate u(13).
-18
Let z(i) = 59 + 19*i - 6*i - i**3 - 51. Let q be z(-3). Let b(y) = y**2 + 3*y - 4. What is b(q)?
0
Suppose 3*o = -2*x + 103, -x - 15*o = -10*o - 41. Let z = x - 55. Let k(r) = 25*r**2 - 1. What is k(z)?
24
Let u(w) = w**3 + 8*w**2 - 39 + 15 + 8*w + 25 + 15*w - 14*w. Determine u(-6).
19
Let c = -1522 + 1513. Let j(i) be the first derivative of -i**4/24 - i**3 - i**2 + 2. Let t(w) be the second derivative of j(w). Give t(c).
3
Let x(y) be the second derivative of -y**4/12 - 2*y**3/3 + 9*y**2/2 - 6*y - 257. What is x(-10)?
-51
Let g be ((-33)/(-6)*-2)/(-1). Let t(y) be the first derivative of 1/2*y**2 - 3*y + 1. Calculate t(g).
8
Let u(g) be the third derivative of g**4/12 + g**3/3 + 1105*g**2. Suppose 0 = -2*m + 4*m - 6. Suppose m*b - 5*d + 30 = 0, 2*d - 3*d + 23 = -4*b. What is u(b)?
-8
Let r(y) = y + 9. Let j be r(-3). Suppose 0 = -12*n - 42 - j. Let x(m) = -m**2 - m + 3. Calculate x(